(t) = -t**2 + 3*t - 4. Let m be n(2). Let z be m + 5 - (9 - 10). Let w(r) be the first derivative of r**3/3 - 3*r**2 + 3*r - 1. Calculate w(z).
-5
Let p(v) = v**3 - 6*v**2 - 6*v - 3. Suppose 0 = 5*z - 3*k - 65, 5*z - 16 = k + 39. Suppose 9*g + z = 73. Determine p(g).
4
Let h(a) = -a**3 + 5*a**2 + 7*a - 1. Let c be h(6). Let u(j) = 24*j**2 + j + 38. Let n(q) = 65*q**2 + 3*q + 103. Let z(x) = -7*n(x) + 19*u(x). What is z(c)?
16
Let n be (32/8 - -1*2)*(-15)/(-30). Let m(z) = -4*z**2 + 3*z - 1. Let s(u) = -7*u**2 + 6*u - 1. Let k(i) = 5*m(i) - 3*s(i). Determine k(n).
-2
Let b(t) = -t**2 - t - 36. Let f(o) = 2*o**2 + 28*o + 2. Let x be f(-14). Let l be 0/(-1*(x - 5)). What is b(l)?
-36
Let k(i) be the third derivative of i**7/2520 - 19*i**6/720 - 3*i**5/40 - 281*i**4/24 - 128*i**2. Let u(w) be the second derivative of k(w). What is u(19)?
-9
Let y = -58 - -62. Let b = 49 - 50. Let v(c) = -c**3 + c - 1. Let a(x) = 3*x**3 + 4*x**2 - 7*x + 4. Let r(d) = b*a(d) - 4*v(d). Determine r(y).
12
Let k be -2 + -4 + -13 + 18. Let h(t) be the second derivative of -1/12*t**4 + 1/4*t**5 - 27*t + 1/2*t**2 + 0 + 0*t**3. Determine h(k).
-5
Let c(g) = -420*g + 35 - 416*g + 832*g + 4. Give c(10).
-1
Suppose 8*r - 12 = 2*r. Suppose r*f + 4 = 4*f. Let h(d) = -5*d + d**2 - 105 + 0*d**f + 109. Give h(4).
0
Let g be (-1*(58/(-319) - 150/22))/1. Let p(c) = c**2 - 7*c - 16. What is p(g)?
-16
Let l(u) = 5*u + 1. Let z(v) = -9*v - 2. Suppose 9 = -f + 3. Let o(y) = f*z(y) - 11*l(y). Let a be ((-10)/(-25) - 3) + (-64)/(-40). What is o(a)?
2
Let m = 4 - 7. Let d = m - 1. Let x(b) be the second derivative of b**3/6 - 3*b**2/2 + 2*b + 31. Calculate x(d).
-7
Let a(g) = 10*g - 1. Let u(n) = -9*n**2 + 61*n + 10. Let m be u(7). Let d be (7/14)/(m/8*-1). Determine a(d).
9
Let s(m) = m + 975 + 981 - 1955. Let w(g) = 4*g + 2. Let y be w(-1). Let a be -6 + y/4*4. What is s(a)?
-7
Let u(n) = -17*n - 311. Let j(k) = 4*k + 77. Let c(g) = 4*j(g) + u(g). Suppose f - 24 = -2*f. Calculate c(f).
-11
Let z be -4*(-3 - -1 - -1) + 99. Let q = z + -79. Let b(f) = 0*f + f**3 + 5*f**2 + 15 - q - 7*f. Give b(-6).
-3
Let v(l) = 9*l**2 + 101*l - 26. Let d(r) = 7*r**2 + 84*r - 27. Let o(y) = -5*d(y) + 4*v(y). Give o(13).
-8
Let i(f) be the second derivative of -f**5/20 + 5*f**4/12 - f**3/3 - f**2 + 3*f. Suppose 3*g - 151 = -4*a, -2*g + 2*a + 112 = -a. Let b = g - 49. Give i(b).
6
Let i(x) = -3*x - 6 - 5*x**2 + 4*x**2 + 1 + 2*x**2. Let p(a) = -a**3 - 13*a**2 - 23*a - 6. Let z(g) = g - 8. Let v be z(-3). Let l be p(v). Calculate i(l).
5
Let g(x) = 5*x + 8. Let l be ((-117)/65)/(1/5). Let q(h) = 2*h**3 + 17*h**2 - 2*h + 57. Let m be q(l). Determine g(m).
-22
Let y(x) = -214*x**3 + 51*x**3 - 2*x**2 + 164*x**3 - 20 + 11*x. Give y(2).
2
Suppose -572*k + 578*k = 522. Let b = -86 + k. Let g(l) = 0 + 2*l - 13*l**2 + 2 - 3. Calculate g(b).
-12
Let q(c) = -c - 11. Let u be q(-9). Let j(s) = -2*s**2 - 299*s**3 + 298*s**3 - 5*s + 6*s. Determine j(u).
-2
Let n(d) = -3*d + 4. Let j(q) = 7*q**2 + 9*q - 24. Let t be j(2). Let v be 18/81 - (-32)/18. Suppose 5*a - v*l - t = 0, -a - 1 + 3 = -l. What is n(a)?
-14
Let g(v) = 6*v**2 + 61*v + 409. Let y(q) = -q**2 - 10*q - 66. Let l(h) = 2*g(h) + 13*y(h). Give l(-9).
-49
Suppose -210*x + 419 + 1261 = 0. Let o(j) = 3*j - 35. What is o(x)?
-11
Let f(z) = -z**2 - 6*z + 8. Let k be f(-6). Let y(w) be the second derivative of -1/20*w**5 + 3/4*w**4 + 0 + 3/2*w**2 - w**3 - 9*w. Give y(k).
19
Let l(j) = 18*j - 112. Suppose -93*i + 536 + 22 = 0. What is l(i)?
-4
Let a(q) = -5*q**3 + 22*q**2 + 19*q - 7. Let h(g) = -3*g**3 + 11*g**2 + 10*g - 2. Let x(r) = -4*a(r) + 7*h(r). Calculate x(-11).
80
Let j(w) = 12*w**2 - 7343*w - 7339*w + 5 + 14678*w. Calculate j(1).
13
Let o(p) = -5*p + 5. Let y(n) = 1. Let g(a) = -o(a) + 5*y(a). Let z = -1783 + 1787. Suppose 0 = -562*v + 564*v - z. Determine g(v).
10
Let z(h) be the second derivative of 287*h - 7/6*h**3 - 2 + 7/12*h**4 + 1/20*h**5 + 3/2*h**2. Let x(k) = k**2 + 7*k + 2. Let t be x(-5). Determine z(t).
-5
Let i(n) = -n**3 - n + 16. Let s(x) = -10*x + 30. Let v be 224/21 + -7 + 4/(-6). Let t be s(v). Give i(t).
16
Let x(r) = -r**2 + 16*r - 16. Suppose -3*v = b + 4 - 12, -b + 16 = 5*v. Suppose 4*d + 12 - 8 = 0, -v*u - 2*d = -54. Give x(u).
12
Let f = 38 + -42. Let u(p) = p**3 - 19*p**2 + 16*p + 37. Let q be u(18). Let l(i) = 4 - 2*i - q - 5 - 1. Calculate l(f).
5
Let g(w) = w - 2. Let n be (-1 - -2)/((-6)/((-5568)/(-16))). Let v = -55 - n. What is g(v)?
1
Let m(w) = -w**2 - 1. Let l(y) = 5*y**2 - 14*y + 30. Let q(b) = -l(b) - 6*m(b). Let d be q(-16). Let r(t) = 3*t - 3. Determine r(d).
21
Suppose -x + 39 = 4*t, 4*t - 323*x - 19 = -328*x. Let o(m) be the third derivative of m**5/60 - 5*m**4/12 - m**3/6 + 4*m**2. Calculate o(t).
10
Let g(z) be the second derivative of -39 + 9/2*z**2 - z - 1/6*z**3. Calculate g(10).
-1
Let g = -2331 - -2334. Let v(a) be the first derivative of 0*a**2 - 13 - 11/3*a**g - a. What is v(-1)?
-12
Let z(p) be the third derivative of -p**6/120 - p**5/6 - 3*p**4/8 + 5*p**3/6 - 31*p**2. Suppose -5*m - 4*a = 65, -1 = -m + 109*a - 107*a. What is z(m)?
5
Let o(g) be the first derivative of -8*g**3/3 - 7*g**2 - 16*g + 644. Give o(-1).
-10
Let r(s) = 2*s + 14. Let o(f) = -3*f + 6*f - 4*f - 7. Let i(w) = 9*o(w) + 4*r(w). Let b(v) = 70*v - 987. Let k be b(14). Determine i(k).
0
Let v(r) = -r**2 - 25*r + 6. Suppose -k - 19 = -3*x, -5*x - 13 = 3*k + 72. Calculate v(k).
6
Let g be (-916)/5280 + 92/22 + -7 + 3. Let f(a) be the third derivative of 0*a - 7/6*a**3 + 1/15*a**5 + 0 - g*a**6 - a**2 + 1/4*a**4. What is f(5)?
-2
Let p(l) = -4*l + 2. Suppose 0 = 550*v - 540*v. Suppose -4*n = q + 6, 5 = -q - 3*n - v. What is p(q)?
10
Let o(u) = 0 - 8 - 4*u + u**2 + 9. Let s be o(4). Let x be (s - (-12)/(-8))*-2. Let t(w) = -6*w**2 + w. What is t(x)?
-5
Let y(d) = 26*d - 18. Let j(x) = -13*x + 8. Let r(b) = -5*j(b) - 2*y(b). Let z(u) = u**2 + 3 - 11 - 8*u + 35*u. Let a(c) = -5*r(c) + 2*z(c). Determine a(7).
25
Let m(w) = w**3 + 2*w**2 - 3*w - 8. Let b(r) = -3*r**3 - 15*r**2 - 27*r - 31. Let a be b(-3). Give m(a).
-28
Let v(q) be the third derivative of q**5/12 - q**4/24 + q**3/6 + 1065*q**2. What is v(2)?
19
Let g(q) = -12*q - 82. Let d(o) = 524*o - 3152. Let f be d(6). What is g(f)?
14
Let a(b) be the first derivative of 3*b**4/2 - 2*b**3 + 7*b**2/2 - b + 7237. Give a(1).
6
Let b(r) = 5*r + 64. Let o be b(-12). Suppose -12 = -o*y + 8*y, 3*d + 2*y = 12. Let n(h) = -3*h + 13. Give n(d).
-5
Suppose -3*b + 0 = -21. Let x(t) = 253*t**2 - 1017*t**2 + 249*t**2 + 261*t**2 + 255*t**2 - 10*t - 8. Give x(b).
-29
Let o(k) be the second derivative of -4*k**3/3 - 8*k**2 + 2019*k. Give o(7).
-72
Let h(f) be the first derivative of -1/2*f**2 + 1/4*f**4 - 4*f - 171 + 7/3*f**3. Give h(-7).
3
Let r be ((-126)/9 - -11)*(-2)/6. Let g = 8 - 6. Let l(x) = g*x + 5*x**3 - x + 6*x**3. Determine l(r).
12
Let l(d) = 23*d**2 + 5*d - 26. Let a(q) = 50*q**2 + 10*q - 57. Let p(f) = 6*a(f) - 13*l(f). Give p(-5).
46
Suppose 20 = -2*y - 0. Let o be -1 + -5*8/y. Suppose 0 = 3*k + o, 0 = -0*w + w - 2*k - 1. Let q(d) = 14*d - 1. Calculate q(w).
-15
Let g(i) = i**3 + 8*i**2 + 2*i + 24. Suppose -6 = 3*a + 9, -n - 28 = 4*a. Give g(n).
8
Let a(p) = p**3 + 6*p**2. Let h(k) = -k - 14. Let d be h(-11). Let l = 22 - d. Let x = 19 - l. Calculate a(x).
0
Let o(v) = -16*v + 58. Let s = -6290 + 6293. Give o(s).
10
Let b(t) = 24*t**2 + 15*t + 14. Let o(g) = g**3 - 76*g**2 - 44*g - 39. Let n(s) = -7*b(s) - 2*o(s). Give n(-7).
1
Suppose 0 = -4*d + 3*i - 3, -20*d = -25*d - 5*i + 40. Let w(g) = 79*g**2 + 10 - g**3 - 71*g**2 - d*g - 14 - 3*g. What is w(7)?
3
Let o(t) = -3*t + 3*t - 5*t + 1 + t + 4*t**2. Let u(k) = -k**2 + k. Let l(h) = o(h) + 3*u(h). Give l(3).
7
Let l(s) = -7 + 20*s - 92*s + 25*s + 25*s + 20*s. Determine l(-1).
-5
Let q(u) = 11*u - 1. Let f be q(-1). Let r(l) = -4*l - 3*l - 69 + l + 7*l + 86. Calculate r(f).
5
Let l = 5660 + -5670. Let z(h) = 3*h**2 + 30*h - 6. Give z(l).
-6
Suppose -1227*h = -1239*h + 36. Let l(c) = -3*c**2 + 2*c - 6. Let y(r) = 4*r**2 - 3*r + 7. Let w(z) = 3*l(z) + 2*y(z). Give w(h).
-13
Let x be -22 + (72 - 13) + -31. Let g(n) be the second derivative of -n**5/20 + 7*n**4/12 - 7*n**3/6 + 5*n**2/2 - n. Calculate g(x).
-1
Let r(i) = -i - 1. Let u be (-8)/16 - ((-35